
True
Does 7 divide 337?
False
Does 3 divide 446?
False
Is 7 a factor of 2794?
False
Is 3476 a multiple of 22?
True
Does 35 divide 19985?
True
Is 301 a factor of 74949?
True
Does 12 divide 96?
True
Is 12 a factor of 2172?
True
Does 25 divide 3800?
True
Does 58 divide 754?
True
Is 6 a factor of 2190?
True
Is 129 a factor of 54180?
True
Does 21 divide 190?
False
Is 308 a multiple of 11?
True
Is 9 a factor of 36?
True
Does 10 divide 1026?
False
Is 537 a multiple of 27?
False
Is 7409 a multiple of 14?
False
Does 12 divide 4841?
False
Is 10 a factor of 9440?
True
Is 1748 a multiple of 10?
False
Does 21 divide 3864?
True
Is 76 a factor of 3192?
True
Is 16 a factor of 1040?
True
Does 270 divide 2309?
False
Is 40904 a multiple of 319?
False
Is 69 a factor of 279?
False
Does 3 divide 1331?
False
Does 13 divide 2509?
True
Does 192 divide 26112?
True
Is 6162 a multiple of 142?
False
Is 13 a factor of 403?
True
Does 184 divide 7039?
False
Is 37387 a multiple of 12?
False
Is 379 a multiple of 27?
False
Does 31 divide 3486?
False
Is 14430 a multiple of 53?
False
Is 419 a factor of 81705?
True
Does 17 divide 23724?
False
Does 8 divide 725?
False
Is 59423 a multiple of 106?
False
Is 5 a factor of 325?
True
Is 3040 a multiple of 23?
False
Does 65 divide 1235?
True
Does 18 divide 41558?
False
Is 1891 a multiple of 15?
False
Is 17 a factor of 2550?
True
Is 17977 a multiple of 87?
False
Is 1976 a multiple of 76?
True
Is 9324 a multiple of 21?
True
Is 81433 a multiple of 479?
False
Is 16236 a multiple of 12?
True
Is 34 a factor of 19679?
False
Is 26 a factor of 1481?
False
Is 6 a factor of 58?
False
Is 31 a factor of 1178?
True
Is 5182 a multiple of 14?
False
Is 316 a multiple of 90?
False
Does 68 divide 3468?
True
Is 18000 a multiple of 75?
True
Is 260 a factor of 44149?
False
Does 349 divide 130526?
True
Is 736 a multiple of 23?
True
Does 52 divide 954?
False
Does 32 divide 7488?
True
Does 15 divide 10740?
True
Is 7137 a multiple of 19?
False
Is 7 a factor of 72?
False
Is 50631 a multiple of 101?
False
Is 15437 a multiple of 43?
True
Is 2379 a multiple of 13?
True
Does 35 divide 659?
False
Does 17 divide 255?
True
Is 65 a factor of 45903?
False
Is 34 a factor of 52598?
True
Is 21262 a multiple of 31?
False
Is 100 a multiple of 2?
True
Is 197 a factor of 18124?
True
Is 2604 a multiple of 31?
True
Does 19 divide 19114?
True
Is 9 a factor of 1227?
False
Is 64 a factor of 43152?
False
Is 20 a factor of 448?
False
Is 4797 a multiple of 117?
True
Is 2747 a multiple of 41?
True
Is 3774 a multiple of 7?
False
Does 21 divide 2961?
True
Is 106532 a multiple of 83?
False
Is 16056 a multiple of 52?
False
Does 59 divide 1121?
True
Does 49 divide 112?
False
Is 234 a multiple of 6?
True
Does 60 divide 48720?
True
Does 12 divide 5988?
True
Is 9 a factor of 22675?
False
Is 114 a multiple of 40?
False
Is 115168 a multiple of 236?
True
Is 6308 a multiple of 166?
True
Is 64 a multiple of 4?
True
Does 25 divide 75?
True
Is 35 a multiple of 7?
True
Is 19 a factor of 1321?
False
Does 2 divide 24621?
False
Is 24 a factor of 11446?
False
Does 145 divide 5897?
False
Does 18 divide 414?
True
Is 53 a multiple of 2?
False
Is 70 a factor of 247?
False
Does 37 divide 187?
False
Does 8 divide 816?
True
Does 112 divide 3977?
False
Is 178080 a multiple of 24?
True
Is 93 a factor of 2604?
True
Is 295 a factor of 37465?
True
Does 18 divide 939?
False
Is 78490 a multiple of 94?
True
Does 50 divide 8949?
False
Is 2002 a multiple of 43?
False
Does 170 divide 12380?
False
Does 15 divide 34531?
False
Does 66 divide 198?
True
Is 39 a factor of 390?
True
Does 85 divide 22302?
False
Is 3772 a multiple of 41?
True
Is 7150 a multiple of 65?
True
Is 63835 a multiple of 12?
False
Is 19 a factor of 6497?
False
Is 1369 a multiple of 37?
True
Is 11 a factor of 6839?
False
Does 4 divide 373?
False
Is 657 a multiple of 17?
False
Is 100 a factor of 74300?
True
Does 23 divide 2755?
False
Is 293 a factor of 20491?
False
Does 22 divide 11804?
False
Is 1561 a multiple of 13?
False
Does 38 divide 5432?
False
Is 43 a factor of 15910?
True
Is 3 a factor of 1097?
False
Does 36 divide 148?
False
Is 12960 a multiple of 9?
True
Is 3 a factor of 49?
False
Is 27 a factor of 1539?
True
Does 49 divide 141189?
False
Is 19957 a multiple of 4?
False
Is 5448 a multiple of 24?
True
Is 16 a factor of 112?
True
Is 32 a factor of 148449?
False
Does 6 divide 12836?
False
Is 1369 a multiple of 41?
False
Is 65 a factor of 7605?
True
Is 59 a factor of 2773?
True
Is 17 a factor of 8772?
True
Is 5326 a multiple of 13?
False
Is 37 a factor of 35927?
True
Does 91 divide 3367?
True
Is 84 a factor of 31731?
False
Is 21 a factor of 178?
False
Is 924 a multiple of 231?
True
Does 17 divide 748?
True
Is 8 a factor of 15?
False
Is 239 a multiple of 3?
False
Is 29 a factor of 9744?
True
Is 10 a factor of 2247?
False
Is 187 a factor of 3179?
True
Does 13 divide 1781?
True
Does 39 divide 5343?
True
Is 18 a factor of 6860?
False
Does 23 divide 644?
True
Is 236 a factor of 22213?
False
Does 4 divide 12?
True
Does 12 divide 2048?
False
Is 33418 a multiple of 22?
True
Does 98 divide 2842?
True
Is 75 a factor of 2256?
False
Is 5417 a multiple of 85?
False
Is 61464 a multiple of 156?
True
Does 20 divide 2822?
False
Is 8188 a multiple of 178?
True
Does 12 divide 779?
False
Is 2 a factor of 50?
True
Does 88 divide 2112?
True
Is 22404 a multiple of 12?
True
Is 54 a factor of 34837?
False
Does 2 divide 1271?
False
Does 93 divide 8649?
True
Is 57683 a multiple of 199?
False
Is 5 a factor of 920?
True
Is 651 a multiple of 21?
True
Is 1806 a multiple of 21?
True
Is 14 a factor of 112?
True
Does 2 divide 14?
True
Is 430 a multiple of 11?
False
Is 103 a factor of 29664?
True
Is 15 a factor of 675?
True
Does 31 divide 55758?
False
Is 736 a multiple of 14?
False
Is 80 a factor of 12800?
True
Does 7 divide 567?
True
Is 13 a factor of 9633?
True
Is 15 a factor of 4292?
False
Is 13 a factor of 338?
True
Does 11 divide 19112?
False
Does 70 divide 31665?
False
Is 74 a factor of 3182?
True
Is 1431 a multiple of 27?
True
Does 22 divide 1826?
True
Does 3 divide 1903?
False
Is 1080 a multiple of 57?
False
Does 262 divide 18340?
True
Is 24 a multiple of 8?
True
Does 42 divide 63168?
True
Does 116 divide 13480?
False
Is 12 a factor of 13596?
True
Is 44 a factor of 324?
False
Is 645 a multiple of 6?
False
Is 1826 a multiple of 22?
True
Is 12 a factor of 4200?
True
Is 21 a factor of 483?
True
Is 132370 a multiple of 305?
True
Is 44739 a multiple of 44?
False
Does 99 divide 43164?
True
Is 29018 a multiple of 16?
False
Is 16728 a multiple of 123?
True
Is 13 a factor of 1016?
False
Is 454 a multiple of 5?
False
Is 7 a factor of 21?
True
Does 27 divide 3024?
True
Is 36 a factor of 2039?
False
Is 3 a factor of 1029?
True
Is 547 a multiple of 17?
False
Is 52 a factor of 20708?
False
Does 3 divide 8?
False
Does 18 divide 2955?
False
Does 185 divide 39540?
False
Is 12 a factor of 13889?
False
Does 247 divide 75846?
False
Is 24 a factor of 2160?
True
Is 85 a factor of 850?
True
Is 7 a factor of 259?
True
Is 563 a multiple of 21?
False
Is 55 a multiple of 2?
False
Is 22 a factor of 1628?
True
Is 2840 a multiple of 40?
True
Does 6 divide 1156?
False
Does 77 divide 29799?
True
Is 47 a factor of 658?
True
Is 98 a factor of 1764?
True
Is 88 a factor of 3969?
False
Does 44 divide 44?
True
Is 85072 a multiple of 13?
True
Is 4 a factor of 204?
True
Is 2400 a multiple of 12?
True
Is 9 a factor of 4923?
True
Is 424 a factor of 20256?
False
Does 36 divide 1296?
True
Does 70 divide 280?
True
Is 308 a multiple of 5?
False
Is 7 a factor of 52?
False
Is 58 a factor of 928?
True
Is 2021 a multiple of 71?
False
Is 225 a factor of 6040?
False
Does 16 divide 2438?
False
Does 77 divide 20405?
True
Is 3400 a multiple of 10?
True
Is 8188 a multiple of 89?
True
Is 59 a factor of 31305?
False
Is 9010 a multiple of 35?
False
Is 6 a factor of 1556?
False
Is 294 a multiple of 42?
True
Does 45 divide 8119?
False
Is 105 a multiple of 7?
True
Does 124 divide 744?
True
Is 44 a factor of 33270?
False
Does 10 divide 8530?
True
Is 11252 a multiple of 194?
True
Is 78 a multiple of 13?
True
Is 6204 a multiple of 141?
True
Is 205560 a multiple of 120?
True
Is 76431 a multiple of 43?
False
Does 41 divide 2009?
True
Is 882 a m